 m(t) = -5*i(t) + 16*v(t). Suppose -5*g - 2*w + 6 = -0*g, 4*w + 8 = 0. What is m(g)?
20
Let y = 186 - 181. Let c(h) = -9*h**2 + y*h**3 + 3 + 2*h + 18*h**2 - 7*h**2 - 6*h**3. Let w be ((-3)/5)/((-2)/10). What is c(w)?
0
Let v(a) = -4*a + 119. Suppose 1231*o + 11 = 1234*o - 67. Calculate v(o).
15
Let v(g) = -g**3 + 8*g**2 - 7*g + 8. Suppose -5*x - 3*m + 18 = 0, -2*x - 41*m = -37*m + 4. What is v(x)?
38
Let n = 62 + -101. Let z = 45 + n. Let b be 2/(-1)*z/(-24)*-2. Let v(x) = -x**2 - 2*x - 1. Calculate v(b).
0
Let c(o) = 4*o**2 + 78*o + 55. Let q(n) = n**2 + 20*n + 14. Let i(g) = 4*c(g) - 15*q(g). Calculate i(-12).
10
Let c(m) = 7*m - 6. Let x(k) = -3*k. Let u(v) = -c(v) - 2*x(v). Let s(p) = p + 2. Let o be s(-7). Calculate u(o).
11
Let c(u) be the third derivative of -u**4/8 + 47*u**3/6 - 7045*u**2. What is c(-11)?
80
Let l(u) = 15*u - 1. Let v be l(-2). Let i = 31 + v. Let r(n) = -n + 6. Determine r(i).
6
Let a(u) = -12 + 2*u + 8 + 39 + 4 - 21. Determine a(16).
50
Let t(a) be the second derivative of -5/6*a**3 + 0 - 247*a - 1/12*a**4 + 0*a**2. What is t(-6)?
-6
Let h(g) = g**3 + 7*g**2 + 16*g + 24. Let l be h(-4). Let d(k) = 14*k - 20*k + 3 + 3 + 10*k. What is d(l)?
38
Let w be (-2)/5 + (-84)/(-35). Let h be 10/w - -4*2. Suppose -h*k + 20*k + 63 = 0. Let r(l) = l + 11. Determine r(k).
2
Suppose 2*n = -4*d - 8, -3*d - 3 = n + 1. Let q(c) be the first derivative of -c**4/4 - 4*c**3/3 - c**2/2 - 5*c - 16. Determine q(n).
-1
Let m be 585/(-130) + 63/14. Let t(l) = l**3 + 3*l**2 + 54. Give t(m).
54
Let p be (-21)/(-3) + 15/(-3). Suppose 4*c - 5 = -3*a, p*a + 3 + 7 = 4*c. Let m(w) be the first derivative of w**2 - 3*w + 5. Calculate m(c).
1
Suppose -139*s + 46 = -185*s. Let l be 2 + (3/(-3) - -2). Let j(g) = -2 + 4 + l*g**2 - 1. Give j(s).
4
Let o(k) = k**3 - k**2 + 3*k - 25. Let f(p) = p**3 + p**2 + 3*p - 24. Let h(s) = -2*f(s) + 3*o(s). Give h(5).
-12
Let z(j) = -5*j**3 + 8*j. Let d(a) = 7*a**3 + 1239*a**2 - 2*a - 356. Let g be d(-177). Give z(g).
24
Let r(x) = -x + 3. Let j(d) = 3*d**3 + 8*d**2 - d + 18. Let y(u) = -u**3 + u - 1. Let q(o) = j(o) + 2*y(o). Let l be q(-7). Suppose l - 3 = 5*v. Give r(v).
-8
Let a(i) be the first derivative of -i - 1/2*i**2 - 119. Calculate a(3).
-4
Let t(k) = k**3 + 13*k**2 + 10*k - 23. Let u be ((-56)/(-16) - 2)*-8. Determine t(u).
1
Let x(n) = n**3 - 10*n**2 + 4*n + 15. Let w be x(6). Let v = 110 + w. Let f(c) = c**2 - 5*c + 4. Determine f(v).
4
Let b(h) = -23*h + 9 + 47*h - 19*h. Give b(-3).
-6
Let i(j) = 8*j**2 + 11*j. Let c be -4*4*8/32. Let v(k) = -5*k**2 - 9*k. Let t(w) = c*i(w) - 5*v(w). Determine t(1).
-6
Let l(n) = -n**3 + 10*n**2 - 10*n + 2. Let a(d) = -2*d - 7. Let h be a(-8). Let z be l(h). Let w(m) = -8*m - 7*m + 34*m + 7 - 10*m - 7*m. Determine w(z).
-7
Let h(r) be the first derivative of -r**3 - 14*r**2 + 19*r + 9. Let o(n) = -5*n**2 - 42*n + 28. Let x(q) = 8*h(q) - 5*o(q). What is x(13)?
-1
Suppose -8*j = -532 - 108. Let n(v) be the first derivative of 0*v - 81*v**2 - 3 + j*v**2 - v. Give n(-6).
11
Let j(r) = -2*r**2 + 3*r**2 - 5*r + 16*r + 7. Suppose 0 = -4*y, 12*h + 4*y = 7*h - 40. Calculate j(h).
-17
Let z(y) = -2*y - 21480 + 10778 + 10805. Determine z(0).
103
Let l(w) = w**3 + 5*w**2 - 9*w - 13. Suppose 27 = -103*y + 112*y. Suppose 3*j - 5*v - 7 = 0, -y*j = -4*j - 5*v - 31. Give l(j).
5
Let j(n) = n**2 + 41*n + 43*n + 48*n**3 - 84*n - n**3 - 2. Give j(-1).
-48
Let a(t) = 2*t**3 - 26*t**2 + 21*t + 25. Suppose -3 = -3*i - 0*i + 33. Calculate a(i).
-11
Let y(j) = -23 - 139*j**2 + 58*j + 143*j**2 - 82*j + 6. Give y(8).
47
Let u = 9 - 5. Let a(f) = 4 - 12408*f**2 + 6064*f**2 + 6342*f**2 + 5*f. Determine a(u).
-8
Let a(z) = 174*z - 35. Let u(q) = 18*q - 4. Let l(i) = -4*a(i) + 38*u(i). What is l(0)?
-12
Let n(p) be the third derivative of -1/60*p**5 + 12*p**2 + 0*p - 11/6*p**3 + 2 + 13/24*p**4. Calculate n(12).
1
Let g(m) be the second derivative of -m**7/2520 + m**6/144 - m**5/60 + 17*m**4/3 - 6*m - 4. Let p(k) be the third derivative of g(k). Give p(3).
4
Suppose 2*p - 3*z + 9 = 0, -5*p + 29 + 6 = 4*z. Suppose -f - 9 = -4*q, 4 - 7 = p*f. Let t(b) = 31 + b - b**3 - 26 - 13*b**q + 7*b**2. Determine t(-6).
-1
Let s = -9429 + 9427. Let q(x) = -x - 4. Determine q(s).
-2
Let b = 215 + -217. Let h(g) be the first derivative of -g**3 - g**2 - 2*g - 10. Calculate h(b).
-10
Let t(r) = 3*r**2 + 213. Let f(a) = 2*a**2 + 319. Let k(o) = -2*f(o) + 3*t(o). Let c be 6/9 - 1/(-3). Give k(c).
6
Let l(x) be the first derivative of 0*x**2 + 10*x + 1/3*x**3 + 80. Give l(0).
10
Let y(c) = c**3 + 17*c**2 + 11*c - 8. Suppose 5*o = -2*k + 8, 6*k = 2*k + 4*o - 96. Give y(k).
72
Suppose -10 = -x + t - 0*t, -2*x = -t - 18. Let v(a) = a**3 - 9*a**2 + 5*a + 19. Give v(x).
-5
Suppose -3*s - 3 - 6 = 0. Let l(t) = 73*t + 3. Let i(d) = 96*d + 3. Let g(x) = 3*i(x) - 4*l(x). What is g(s)?
9
Let h(b) = 4*b + 5*b**2 - 4 + b**3 + 3 + 3*b - 13*b**2. Suppose -6 - 84 = -6*o. Suppose 0 = -21*f + o*f + 42. What is h(f)?
-1
Let w(o) be the first derivative of -7*o**5/120 + o**4/6 + 5*o**3/3 - 8*o - 26. Let f(k) be the third derivative of w(k). Determine f(3).
-17
Let x(b) = 25*b + 1. Let g(q) = 55*q + 5. Let f(u) = g(u) - 2*x(u). Let d be 32/2 - (2 - 1). Let o be (-1)/(-2) - d/(-6). Calculate f(o).
18
Let l(o) = 2*o**2 + 2*o + 1. Let d = 68 + -188. Let z = d - -122. Suppose z*u = -5*m + 11, -u = m - 0*m - 1. What is l(u)?
5
Let k(r) = -r**3 + 3*r**2 - 3*r. Let h = 52 + -60. Let c be ((-69)/(-138))/((-2)/h). What is k(c)?
-2
Let s(x) = x**3 - 15*x**2 + 22*x + 4. Suppose -8*a + 10*a - 4*z - 2 = 0, 2*a - 110 = -14*z. Calculate s(a).
-48
Let s = -247 - -516. Let h(i) = -537*i + 2*i**2 + 2 - 2 + s*i + 266*i. Calculate h(-3).
24
Let c(l) be the second derivative of 5*l**3/6 + l. Suppose -61*i + 48*i + 26 = 0. Suppose -4*n + 10 - 1 = 5*u, 3*u + i*n - 5 = 0. What is c(u)?
5
Let o = -8041/2 - -4021. Let a(q) be the second derivative of 1/12*q**4 + 7*q + o*q**3 + 0 + q**2. Give a(-4).
6
Let i(u) = -8 + 9 - 97*u + 54*u**2 - 98*u + 193*u - 53*u**2. Let v be ((-4)/(-3))/(6/45). Let a be (4/v)/((-2)/(-10)). Determine i(a).
1
Suppose -4*d = 4*h - 84, -7*h - 35 = -2*d - 2*h. Let x be 5/(-20) - (-45)/d. Let r(w) = 524 - 523 - 3*w + x*w. Determine r(2).
-1
Let v(f) = 138*f + 152. Let h(c) = -27*c - 28. Let z(i) = 11*h(i) + 2*v(i). Calculate z(1).
-25
Let c(r) = -39*r**3 + r**2 - r - 1. Let i be -2*((-42)/105)/((-8)/10). Determine c(i).
40
Let a(j) be the third derivative of 1/60*j**5 + j**2 + 1/24*j**4 + 1/6*j**3 - 4*j + 0. Calculate a(0).
1
Suppose 21*q + 59*q = -27 + 267. Let t(y) be the third derivative of 0 + 1/60*y**6 + 0*y**q - 1/24*y**4 + 1/15*y**5 + 0*y + 5*y**2. What is t(-3)?
-15
Let k(a) = -9*a**2 - 17*a - 12. Let m(o) = -5*o**2 - 9*o - 6. Let s(u) = -4*k(u) + 7*m(u). Suppose 8*c + 39 = 167. Let v be -1 - 117/(-78)*c/(-6). What is s(v)?
6
Let s = -191 - -200. Let j(d) = s + 52*d - 5 - 55*d. Give j(7).
-17
Suppose 4*j = -5*b + 19 - 5, 0 = -3*j - 3*b + 9. Let v(y) = y**2 - 1. Let g(s) = -s**2 + s + 1. Let r(c) = -2*g(c) - 3*v(c). What is r(j)?
-2
Let p(r) = -r**3 - 5*r**2 - 10*r - 2. Let k(w) = 2*w**3 + 10*w**2 + 21*w + 3. Let j = 35 - 31. Let h(i) = j*k(i) + 9*p(i). Give h(-4).
2
Let m(w) = -w**2 + 17*w - 39. Let t be m(14). Suppose 2*l + 4*i + 8 = 0, -l - t*i - 21 = 3*l. Let g(j) = 9*j - j + 1 - 7*j + j. Calculate g(l).
-11
Suppose -4*s - 12 = -7*s. Let x(m) = m - 6. Let q(k) = -2*k + 13. Let z(j) = s*q(j) + 9*x(j). Determine z(-4).
-6
Let v(c) = c**3 - 28*c**2 + 16*c + 305. Let t be v(27). Let o(q) be the first derivative of q**2 - 8*q + 1. Calculate o(t).
8
Let c(m) be the first derivative of m**7/168 - m**5/60 + m**4/24 + 29*m**3/3 + 3*m - 36. Let k(p) be the third derivative of c(p). Calculate k(1).
4
Let h be 4 + (-115)/(-20) + (-3)/(-12). Let q be (-748)/(-110) - ((-2)/h - 0). Let l(z) = -2*z + 12. Give l(q).
-2
Let n(a) = a**3 - 2*a**2 + 3*a - 8. Let l = -736 + 739. Determine n(l).
10
Let k(p) be the third derivative of p**4/24 + 3*p**3 - 2*p**2. Let v = -1387 + 1376. What is k(v)?
7
Let u(n) = -4*n**3 + 6*n**2 + 5*n - 2. Let d be u(-4). Suppose -16 = -d*c + 326*c. Let x(b) = -b**3 + 5*b**2. Give x(c).
16
Let z(j) = -2*j**2 + 18*j + 12. Let t(f) = -3*f**2 + 35*f + 15. Let p(i) = -3*t(i) + 5*z(i). What is p(-13)?
41
Suppose 38*r = 31*r + 1